9 composite?
True
Is 27900531233 prime?
False
Is 1702674427 a prime number?
True
Is 1709802311 a prime number?
False
Is 33310515731 a prime number?
False
Is 55322957369 a prime number?
True
Is 4700069 a prime number?
False
Is 513894741 composite?
True
Is 154830589 a composite number?
True
Is 204279829 composite?
True
Is 4731433211 prime?
False
Is 2344703479 prime?
False
Is 9303260023 prime?
True
Is 55974169123 a composite number?
True
Is 12099742543 a composite number?
True
Is 2258348243 a composite number?
True
Is 2198258617 prime?
True
Is 42960604387 a prime number?
True
Is 188756177 composite?
True
Is 18224032763 prime?
False
Is 15777479321 a prime number?
True
Is 287612753 composite?
True
Is 6962148901 composite?
True
Is 8170753351 prime?
True
Is 537852895 composite?
True
Is 72554798 prime?
False
Is 541855187 a prime number?
True
Is 1052233517 prime?
True
Is 4618791447 a composite number?
True
Is 36295880891 a prime number?
True
Is 817538003 composite?
True
Is 940224091 composite?
False
Is 36783458819 a composite number?
False
Is 32677335227 a composite number?
True
Is 1118834495 a prime number?
False
Is 49067267981 composite?
True
Is 360385327 composite?
False
Is 30906346355 composite?
True
Is 17634335041 composite?
False
Is 15621776789 a prime number?
True
Is 3493787923 a composite number?
False
Is 104664347717 composite?
True
Is 105479389 composite?
True
Is 2042770909 a composite number?
False
Is 15248291 a prime number?
True
Is 346909501459 a prime number?
False
Is 5575755877 a composite number?
False
Is 105477019 composite?
True
Is 691981859 a composite number?
False
Is 183238558 a composite number?
True
Is 355698227 a prime number?
False
Is 4205684911 composite?
True
Is 4688496607 composite?
True
Is 2136660719 composite?
True
Is 26387754769 composite?
False
Is 12636128827 composite?
True
Is 18281247799 composite?
False
Is 3205969933 composite?
False
Is 901858031 prime?
True
Is 100041732731 a prime number?
False
Is 29133668147 a prime number?
True
Is 74418159467 composite?
False
Is 7107017651 a composite number?
True
Is 983647855 a prime number?
False
Is 8446573402 prime?
False
Is 982724045 prime?
False
Is 46063768321 a prime number?
False
Is 40265205837 prime?
False
Is 17848336573 prime?
False
Is 1007661593 a composite number?
False
Is 6121981147 prime?
False
Is 374946349 a prime number?
False
Is 16589495449 a prime number?
True
Is 1709781839 prime?
False
Is 87718219439 a composite number?
False
Is 4427031277 prime?
False
Is 6068861159 a prime number?
True
Is 3218204483 prime?
False
Is 15733421357 composite?
True
Is 5305762343 prime?
False
Is 838032737 composite?
False
Is 119453757679 a composite number?
True
Is 2246217593 composite?
False
Is 48655764613 composite?
False
Is 1234207193 prime?
True
Is 3240408037 a prime number?
True
Is 1148046829 a composite number?
True
Is 6482390999 a composite number?
True
Is 21236502862 a composite number?
True
Is 54936841 a composite number?
True
Is 57380929153 composite?
False
Is 69911819 a composite number?
False
Is 52544343759 a prime number?
False
Is 2468995129 a prime number?
True
Is 667964203 composite?
True
Is 389215234 a composite number?
True
Is 1851955901 prime?
True
Is 8110130251 a prime number?
False
Is 496444639 a composite number?
False
Is 48097082471 composite?
True
Is 934045979 a prime number?
False
Is 11619724267 a composite number?
False
Is 35856842353 composite?
False
Is 44685989 a composite number?
False
Is 1736468953 prime?
False
Is 260192077 prime?
False
Is 8297580679 a composite number?
True
Is 169400929 prime?
False
Is 1839359371 composite?
False
Is 362665351 a prime number?
True
Is 1217673103 composite?
False
Is 921748937 a composite number?
False
Is 1325673257 prime?
True
Is 1185012617 a composite number?
False
Is 41951423 a prime number?
True
Is 7595324783 a prime number?
True
Is 3980881549 a prime number?
False
Is 4638785759 a prime number?
True
Is 10191562409 composite?
True
Is 10147074193 prime?
False
Is 2671912147 a prime number?
False
Is 2015609111 prime?
False
Is 3482997907 prime?
False
Is 59506968539 a composite number?
True
Is 31283234341 prime?
True
Is 59643558685 a prime number?
False
Is 216602 a composite number?
True
Is 1825480331 a prime number?
False
Is 265938373 prime?
True
Is 1543388233 prime?
True
Is 15401115655 composite?
True
Is 809422379 a prime number?
True
Is 159542413 a composite number?
False
Is 34443982247 composite?
False
Is 20279713217 a composite number?
False
Is 8948300587 a composite number?
False
Is 1147993163 a prime number?
True
Is 20040895177 a composite number?
False
Is 792195617 prime?
True
Is 40940637817 prime?
False
Is 30380855858 composite?
True
Is 754417633 a composite number?
True
Is 1038084707 prime?
False
Is 71254379927 a prime number?
True
Is 865355017 a composite number?
True
Is 2619474523 prime?
True
Is 11763671 composite?
False
Is 14977440547 a prime number?
False
Is 3113490881 prime?
True
Is 16753405597 composite?
True
Is 62855925157 a prime number?
True
Is 42305564011 a prime number?
False
Is 4560262907 composite?
False
Is 40245299771 prime?
False
Is 432630739 composite?
True
Is 3820008011 prime?
True
Is 8544265693 prime?
False
Is 1502040341 a prime number?
False
Is 6084671767 prime?
False
Is 334634772611 a composite number?
True
Is 163858283 a prime number?
False
Is 38882783 prime?
True
Is 54465019933 composite?
False
Is 3197679487 composite?
True
Is 68409340751 a composite number?
False
Is 171095422559 prime?
False
Is 7277843959 a prime number?
True
Is 11499829483 a prime number?
True
Is 1105525061 composite?
True
Is 64452816413 composite?
False
Is 4840775917 prime?
False
Is 1229217281 a prime number?
False
Is 1841333653 prime?
True
Is 7081793 a composite number?
True
Is 790245851 composite?
True
Is 10258402943 composite?
False
Is 5403709327 a prime number?
True
Is 10121529827 composite?
True
Is 4839999013 prime?
True
Is 29473296419 a prime number?
False
Is 7270627241 a composite number?
False
Is 5364959339 a prime number?
False
Is 15519949373 composite?
False
Is 110098463 composite?
False
Is 344182529 a composite number?
False
Is 9721019993 composite?
True
Is 484064663 composite?
False
Is 370549331 a prime number?
True
Is 4247827741 prime?
False
Is 4988690449 composite?
True
Is 3265598753 prime?
True
Is 207141367 composite?
False
Is 13603355357 a prime number?
True
Is 129041734427 a composite number?
True
Is 583727197 a composite number?
True
Is 771329257 prime?
True
Is 29295538367 composite?
False
Is 62362028299 a prime number?
False
Is 606345934 prime?
False
Is 9234255887 composite?
False
Is 201143743 prime?
False
Is 936800573 a composite number?
True
Is 1232268637 composite?
False
Is 35442461 composite?
False
Is 47043303901 a prime number?
False
Is 8222008471 a composite number?
False
Is 649779329 a prime number?
True
Is 1772668057 composite?
False
Is 9044055763 prime?
True
Is 6113164793 a composite number?
True
Is 3293329259 a prime number?
False
Is 477716539 a composite number?
False
Is 2645349391 a composite number?
True
Is 4998513473 composite?
False
Is 391072139 a composite number?
False
Is 74116297 a composite number?
False
Is 4985547635 a composite number?
True
Is 2298495523 composite?
True
Is 7799341631 a composite number?
True
Is 967431349 prime?
False
Is 259558735 prime?
False
Is 217651103 composite?
True
Is 1621278811 a composite number?
False
Is 16313080073 a composite number?
True
Is 1282166521 a prime number?
False
Is 76451892239 composite?
False
Is 64483071551 prime?
True
Is 9617795819 a composite number?
False
Is 54708431 a composite number?
True
Is 7186765517 composite?
True
Is 133815989 composite?
True
Is 367178217097 prime?
True
Is 27990354781 a prime number?
False
Is 6209204063 a prime number?
True
Is 75018414959 prime?
True
Is 35929141423 prime?
False
Is 39308589763 composite?
True
Is 8880555877 a prime number?
True
Is 67871697529 a composite number?
False
Is 512104909 prime?
True
Is 2467137581 a prime number?
True
Is 5297581841 composite?
False
Is 917834331 a composite number?
True
Is 237434731 composite?
True
Is 243477809 a composite number?
False
Is 174205973 prime?
True
Is 39347579969 prime?
False
Is 928891421 prime?
False
Is 14574554927 a prime number?
True
Is 2530515241 prime?
True
Is 